{"id":17,"date":"2013-03-15T08:16:41","date_gmt":"2013-03-15T06:16:41","guid":{"rendered":"http:\/\/ProFaber.de\/?page_id=17"},"modified":"2019-12-20T03:57:16","modified_gmt":"2019-12-20T02:57:16","slug":"beratung","status":"publish","type":"page","link":"https:\/\/profaber.consulting\/?page_id=17","title":{"rendered":"Beratung"},"content":{"rendered":"<p>Im Sinne einer umfassenden Beratung biete ich Ihnen sowohl<br \/>\nbetriebswirtschaftliche Beratung als auch pers\u00f6nliche Beratung im Rahmen eines <b>Coachings<\/b>.<br \/>\n<img decoding=\"async\" style=\"float: right; vertical-align: text-bottom;\" src=\"https:\/\/ProFaber.consulting\/wp-content\/uploads\/2013\/03\/burnoutblau.png\" alt=\"www.ProFaber.de | www.ProFaber.consulting | Hamburg | Kiel | Eckernfoerde | Interimsmanagement und Unternehmensberatung | Controlling, Produktionscontrolling, Projektarbeit, Beratung, Coaching\" width=\"100\" \/><\/p>\n<p>Das Privatleben ist oft derart eng mit dem Berufsleben verkn\u00fcpft,dass eine Beratung von Inhabern, Gr\u00fcndern und Angestellten<br \/>\nsinnvollerweise <b>alle Lebensbereiche<\/b> mit einbeziehen sollte.<\/p>\n<p>Gerade <b>Gr\u00fcnder<\/b> haben nat\u00fcrlicherweise einen umfassenden Bedarf an Beratung,<br \/>\nvon betriebswirtschaftlichen Grundlagen bis hin zum pers\u00f6nlichen Zeitmanagement.<\/p>\n<p>Mit viel Erfahrung und diversen Aus- und Fortbildungen sowohl im betriebswirtschaftlichen als auch im Coaching-Bereich<br \/>\nstehe ich Ihnen als umfassender Berater zur Verf\u00fcgung.<\/p>\n<p>Stichworte zum Thema:<br \/>\nCoaching, Beratung, Gr\u00fcnder, Existenzgr\u00fcnder, Businessplan, Zusch\u00fcsse, Coach, Berater, Betriebsberater, Unternehmensberater,<br \/>\nConsultant, Kleinbetrieb, Mittelstand, Kleingewerbe, Handwerk, Heilpraktiker<\/p>\n","protected":false},"excerpt":{"rendered":"<p>Im Sinne einer umfassenden Beratung biete ich Ihnen sowohl betriebswirtschaftliche Beratung als auch pers\u00f6nliche Beratung im Rahmen eines Coachings. Das Privatleben ist oft derart eng mit dem Berufsleben verkn\u00fcpft,dass eine Beratung von Inhabern, Gr\u00fcndern und Angestellten sinnvollerweise alle Lebensbereiche mit &hellip;<\/p>\n<p class=\"read-more\"> <a class=\"more-link\" href=\"https:\/\/profaber.consulting\/?page_id=17\"> <span class=\"screen-reader-text\">Beratung<\/span> Read More &raquo;<\/a><\/p>\n","protected":false},"author":1,"featured_media":0,"parent":0,"menu_order":2,"comment_status":"closed","ping_status":"closed","template":"full-width-page.php","meta":[],"_links":{"self":[{"href":"https:\/\/profaber.consulting\/index.php?rest_route=\/wp\/v2\/pages\/17"}],"collection":[{"href":"https:\/\/profaber.consulting\/index.php?rest_route=\/wp\/v2\/pages"}],"about":[{"href":"https:\/\/profaber.consulting\/index.php?rest_route=\/wp\/v2\/types\/page"}],"author":[{"embeddable":true,"href":"https:\/\/profaber.consulting\/index.php?rest_route=\/wp\/v2\/users\/1"}],"replies":[{"embeddable":true,"href":"https:\/\/profaber.consulting\/index.php?rest_route=%2Fwp%2Fv2%2Fcomments&post=17"}],"version-history":[{"count":27,"href":"https:\/\/profaber.consulting\/index.php?rest_route=\/wp\/v2\/pages\/17\/revisions"}],"predecessor-version":[{"id":189,"href":"https:\/\/profaber.consulting\/index.php?rest_route=\/wp\/v2\/pages\/17\/revisions\/189"}],"wp:attachment":[{"href":"https:\/\/profaber.consulting\/index.php?rest_route=%2Fwp%2Fv2%2Fmedia&parent=17"}],"curies":[{"name":"wp","href":"https:\/\/api.w.org\/{rel}","templated":true}]}}